) = m*z(r) + 4*n(r). Determine k(o).
-10
Let i(s) = 3*s**2 - 17 - 33 + 54 - 5*s. Calculate i(1).
2
Let i(b) be the third derivative of b**5/60 + b**4/24 - b**3/6 + 30*b**2. Suppose -5*x + 0 = -5. What is i(x)?
1
Let k(v) be the second derivative of v**5/20 - 5*v**4/12 - v**3/6 + 3*v**2/2 - 5*v - 5. Let d = -3 - -8. What is k(d)?
-2
Let h = 35 + -38. Let k(j) = -3*j. Let z(b) = 3*b - 4. Let s(i) = -2*k(i) - z(i). Determine s(h).
-5
Let j(f) = -f**2 + 4*f - 2. Let x be (-20)/(-3) + 9/27. Let r(n) = 2*n**2 - 7*n + 4. Let o(l) = x*j(l) + 4*r(l). Give o(-2).
6
Let d(j) = 21*j**3 - 2 + 1 - 3 - 4*j**2 - 4*j - 22*j**3. Calculate d(-3).
-1
Let o(p) = 5*p + 5. Let s(y) = 8 - 2 + 0 - y - 7. Let i(t) = 2*o(t) + 9*s(t). Let l be 20/5 - (-1 + -1). Determine i(l).
7
Let t(s) = -4*s**2 + 1. Let w(z) = 11*z**2 - 14*z - 7. Let r(a) = -3*t(a) - w(a). Give r(-14).
4
Let m = -57 + 59. Let o(k) = -k**3 - k**2 + 2*k + 1. Give o(m).
-7
Let x(b) = -b**2 + 22*b - 49. Suppose -4*l - 149 = -229. Calculate x(l).
-9
Suppose 2*d = 18 - 2. Let p(s) = -118 - 3*s + 110 + 18*s + 11*s**2. Let u(q) = -7*q**2 - 10*q + 5. Let x(n) = d*u(n) + 5*p(n). What is x(-5)?
0
Suppose -34*u + 45 = -25*u. Let r(l) = l**2 - l + 3. Calculate r(u).
23
Let a = -5 - -5. Suppose 3*x + x - 28 = a. Let p(t) = t**2 - 7*t + 1. What is p(x)?
1
Let h(a) = -3*a**2 - 2*a + 1. Suppose 4*b - 2*b = 4. Let m(c) = c + 1. Let w be m(2). Suppose w*d - v + 20 = -b*d, 4*v = 20. What is h(d)?
-20
Let v(b) be the third derivative of -b**4/24 + 13*b**3/6 - b**2. Suppose 12 = -6*f + 42. Let c(a) = a**2 - 8*a + 15. Let u be c(f). Determine v(u).
13
Let f(o) = o - 10. Let i = 20 + -34. Let p = i + 8. Let a = 12 + p. Calculate f(a).
-4
Suppose -93*s = -p - 89*s - 9, -22 = 5*p + 3*s. Let w(u) = -3*u + 4. What is w(p)?
19
Let l(q) = -q - 3. Let a(c) = c + 11. Let v be a(-9). Suppose 0*t - v*i = 3*t - 53, 0 = -3*i + 3. Suppose -t = p - 3*k, -5*p - 32 - 13 = -5*k. What is l(p)?
2
Let d(r) = r + 9. Let j = -3 - 4. Let x be d(j). Let k(a) be the second derivative of a**3/3 - 3*a**2/2 + 2*a. Give k(x).
1
Let t(c) be the second derivative of -c**5/20 - c**2/2 - 16*c. Let j(q) = -7*q**3 + 3*q**2 - 7. Let g(b) = j(b) - 5*t(b). Determine g(2).
-6
Let q(n) be the first derivative of -14*n + 7*n**2 + 1/3*n**3 + 26. What is q(-15)?
1
Let o = -2163 - -2164. Let p(x) = -6*x + 2 - 2*x - 3. Determine p(o).
-9
Let i(k) be the first derivative of 5*k**2 - 10*k + 34 + 1/4*k**4 - 3*k**3. Determine i(8).
6
Let a(f) be the second derivative of f**4/12 + 2*f**3/3 + 3*f**2 + 2*f. Let o = 70 + -35. Let x be 4 - 7/(o/40). Give a(x).
6
Let g(d) be the third derivative of d**6/120 + d**5/20 - d**4/8 - 2*d**3/3 + 2*d**2. Suppose -5*a - 11 + 32 = -4*p, 4*p - 3*a + 19 = 0. Calculate g(p).
-8
Let q(n) = 4*n**2 + 3. Let g be 6/3 - (-6 + 5). Calculate q(g).
39
Let j(n) = -592*n - 588*n - 3*n**2 + 1177*n + 2. Calculate j(2).
-16
Let r(j) = -j**3 + 15*j**2 + 56*j - 42. Let q be r(18). Let c(u) = -u**2 - 6*u - 2. Give c(q).
-2
Let h(d) = 3*d**2 - 6*d**2 + 2*d**3 - 2*d + 7*d - 3*d + 4 - 3. Give h(2).
9
Let g(q) = -1 + 2 - 9*q + 6*q. Suppose z - 2*z + 27 = 0. Let j be z/(-12) - (-5)/20. Give g(j).
7
Let c(q) = q**3 - 6*q**2 + 4*q - 2. Let h = -150 + 150. Let x = 11 - 6. Let p = h + x. Calculate c(p).
-7
Let p = 4620 - 4618. Let g(i) = -2*i + 7. Let o(h) = -3*h + 6. Let a(v) = -5*g(v) + 6*o(v). Give a(p).
-15
Let i(g) be the third derivative of -g**7/280 - g**6/360 + g**5/120 - 3*g**3/2 + 2*g**2. Let r(a) be the first derivative of i(a). Calculate r(1).
-3
Let h(t) = -5*t**3 + t**2 - 5*t - 12. Let s(x) = -4*x**3 + x**2 - 4*x - 12. Let q(y) = -5*h(y) + 6*s(y). Let a(c) be the first derivative of q(c). Give a(-1).
2
Let t = 42 - 38. Let z(q) = q**3 - q**2 + q - 1. Let j be z(1). Let l = j - t. Let u(v) = -2*v**2 - 4*v + 2. What is u(l)?
-14
Let v(y) = y. Suppose -3*d + l = 19, 0 = 2*d - 41*l + 39*l + 14. Calculate v(d).
-6
Let r(b) be the first derivative of -b**4/4 + 7*b**3/3 - 5*b**2/2 - 3*b - 51. What is r(6)?
3
Let z(k) = k**2 - 8*k - 12. Suppose -42 - 1 = -4*f - i, 2*f - 11 = 3*i. Calculate z(f).
8
Let i = 2 - 10. Let u(v) be the third derivative of v**5/60 + 5*v**4/12 + 5*v**3/3 - 4*v**2 + 176. Give u(i).
-6
Let v be 4/22 + (-168)/(-44). Let s(l) be the second derivative of -1/12*l**v + 2*l + 0 - 3/2*l**2 + 1/2*l**3. Determine s(4).
-7
Let o(b) = -b - 24. Let s(w) = -w - 29. Let u(n) = -5*o(n) + 4*s(n). Give u(3).
7
Let m = 8924 - 8921. Let k(g) = -g. Let h(t) = -2*t - 1. Let l(x) = -h(x) - k(x). Determine l(m).
10
Let r(y) = 6*y**3 + 2*y**2 - y. Suppose 0 = 2*c - 3*c. Let i(x) = x - 4. Let p be i(c). Let d be ((-1)/p)/((-3)/(-12)). What is r(d)?
7
Let f(l) be the third derivative of l**4/12 + 19*l**3/6 + 76*l**2 - 1. Calculate f(-9).
1
Let r(q) be the third derivative of q**6/40 - q**5/20 + q**4/24 + q**3/3 + 55*q**2 + 2. What is r(2)?
16
Let j(p) = -p**2 + 3. Suppose -2 = 11*c - 35. Give j(c).
-6
Let p(c) be the third derivative of c**8/3360 + c**5/120 - 2*c**4/3 + 14*c**2. Let a(i) be the second derivative of p(i). Calculate a(1).
3
Let u be (-6)/(-99)*-69 + 6/33. Let m(z) = z - 3. Let y(v) = -2*v + 10. Let s(i) = 3*i - 20. Let d(x) = 2*s(x) + 5*y(x). Let c(b) = 2*d(b) + 7*m(b). Give c(u).
3
Let s(g) = -g**2 - 11*g + 6. Let w(f) = f**2 + 12*f - 7. Let k(a) = -7*s(a) - 6*w(a). Let t = -4 + 1. Calculate k(t).
-6
Let z be ((-205)/(-82))/(3 + 0). Let d(t) be the second derivative of z*t**3 + 0 + 3*t**2 - 1/12*t**4 - 5*t. Give d(6).
0
Let r(u) = -u**3 - 3*u**2 - u - 4. Let n = -11 + 25. Let i = 0 + n. Let v = i + -17. What is r(v)?
-1
Suppose -43*y - 23*y = -198. Let w(c) = -9*c - 3. Determine w(y).
-30
Let u(d) = -d**2 + 3*d - 2. Let k(v) = v**2 + 4*v + 9. Let a be k(-5). Suppose a*p = 17*p - 9. Determine u(p).
-2
Let w(f) = -f**2 - f - 1. Let r = 3 + -7. Let y(j) = -3*j**2 + j. Let o(z) = r*w(z) + y(z). What is o(-5)?
4
Let l(w) = 3*w**2 + 0 - w**2 + 4 + 5*w. Suppose -4*a - 3*a + 21 = 0. Suppose -a + 0 = k. Give l(k).
7
Let g = -1199 + 1205. Let d(p) be the third derivative of 0*p - g*p**2 - 1/6*p**3 + 1/24*p**4 + 0. Give d(1).
0
Let i(d) = d - 5*d**3 + 14*d**3 - 11*d**3 + 2*d**2. Determine i(2).
-6
Let i be ((1 - 9) + 1)/(13/13). Let f(z) = 2*z + 12. Give f(i).
-2
Suppose -4*d - 164 = -4*s - 428, -4*d - 5*s = -300. Let j = 65 - d. Let f(r) = -1 + 2*r**3 - r**3 + 6*r**2 + 5*r - 1. Determine f(j).
-2
Let n(o) be the second derivative of o**3/3 + 5*o**2 + o - 219. Calculate n(-10).
-10
Let o(v) = 6*v**2 - 7*v - 10. Let m(n) = -5*n**2 + 6*n + 10. Let w(i) = 5*m(i) + 4*o(i). What is w(8)?
-38
Let a(d) = -d**3 + 4*d**2 + 2*d + 7. Suppose 0 = 6*t + 12 - 42. Give a(t).
-8
Suppose 0 = w - 5*c + 18 + 1, -w = 4*c - 26. Let p(q) = -5*q + 7. Determine p(w).
-23
Let x(k) = -k**3 - 5*k**2 + 11*k + 26. Let j = 532 - 538. Determine x(j).
-4
Suppose -23 = -16*s - 7. Let i(x) = x**3 + x**2 - 2*x + 1. What is i(s)?
1
Let w(i) be the second derivative of i**4/12 - 2*i**3/3 - 3*i**2/2 + i. Let n = -9 + 12. Suppose -2*h + n = -7. Calculate w(h).
2
Let p(y) be the second derivative of y**5/60 + y**4/24 - 11*y**3/3 - 46*y. Let x(i) be the second derivative of p(i). Determine x(-4).
-7
Let k be (-2)/7 - 3560/280. Let p(g) = -g**3 - 12*g**2 + 14*g + 4. Calculate p(k).
-9
Let w(c) = -c**2 + 9*c - 6. Let o be 4/10 + (99/(-5))/(-3). What is w(o)?
8
Let a(o) = o**2 - 5*o - 5. Let h(q) = q**2 + 3*q - 124. Let g be h(-13). What is a(g)?
1
Let r(f) be the first derivative of -f**3/6 - 3*f**2/2 + 2*f + 2. Let t(v) be the first derivative of r(v). Give t(-4).
1
Let g be 11/3 - (-2)/(-3). Let b(t) = g*t**2 + 3 + 4*t + t**3 - 1 - 3. Let z(q) = -2*q**2 + 12*q + 11. Let y be z(7). Calculate b(y).
-13
Suppose 1 = -2*a + 3. Let x(d) = d**3 + 6*d**2 + 3*d - 6. Let m be x(-5). Let i(c) = 3*c + 2*c - 4 - m*c + 3. Determine i(a).
0
Let f(t) = -t. Let h be f(5). Let d(x) = -x**2 + 3*x - 1. Let b(g) = 2*g**2 - 2*g + 3. Let u(k) = 2*b(k) + 3*d(k). Give u(h).
3
Let g(u) = u - 1. Let j be g(3). Let v(y) = 3 - 5*y**2 + 3*y**2 + 4*y**j + 0 + 4*y. Determine v(-2).
3
Let m be (5 + -6)/(2/(-18)). Let z be 2 - 3/m*-3. Suppose 3*k - 2*k = 5*f + 16, 0 = 5*k - z*f - 36. Let a(v) = -v**2 + 5*v + 2. Calculate a(k).
-4
Let t(n) = -2*n**2 + n + 1. Let l(c) = 4*c + c**2 + 2 + 3*c**2 + 0*c**2. Let i be l(-2). Suppose 4